2 (base 6) in base 4?
-11330
Convert -1202 (base 8) to base 12.
-456
323030 (base 4) to base 6
25312
What is -5544 (base 6) in base 12?
-8b4
What is -3640 (base 13) in base 5?
-221112
Convert 3a04 (base 13) to base 3.
102100212
Convert -515 (base 9) to base 10.
-419
3000 (base 4) to base 11
165
a40 (base 12) to base 16
5d0
What is 5110 (base 11) in base 4?
1222003
What is 52 (base 6) in base 7?
44
What is -21120 (base 3) in base 8?
-314
d55 (base 16) to base 15
1028
113203 (base 4) to base 2
10111100011
Convert -823a (base 11) to base 12.
-63b1
7a5c (base 13) to base 7
100663
Convert 1105 (base 7) to base 12.
291
Convert 1031012 (base 4) to base 2.
1001101000110
Convert -1011111001 (base 2) to base 5.
-11021
Convert a1b7 (base 13) to base 10.
22289
What is -23212 (base 5) in base 12?
-b82
-330210 (base 4) to base 2
-111100100100
33001 (base 4) to base 14
4c9
3d1 (base 16) to base 8
1721
Convert 224 (base 12) to base 14.
188
-10011100101 (base 2) to base 5
-20003
-2110010 (base 3) to base 13
-a74
What is 20221 (base 3) in base 12?
137
What is -1321 (base 10) in base 8?
-2451
What is 558 (base 10) in base 9?
680
What is 6db (base 15) in base 16?
614
What is -38 (base 12) in base 15?
-2e
-4154 (base 6) to base 5
-12214
What is 1cc (base 14) in base 13?
22c
-28a (base 11) to base 2
-101010100
Convert 645 (base 16) to base 14.
829
What is 1420 (base 6) in base 11?
309
Convert bc (base 16) to base 13.
116
-bb7 (base 16) to base 7
-11513
Convert 34212 (base 5) to base 4.
212000
Convert 10220121 (base 4) to base 16.
4a19
-6d8 (base 16) to base 4
-123120
Convert -26e7 (base 16) to base 15.
-2e3e
-3420 (base 8) to base 10
-1808
What is -120 (base 13) in base 14?
-dd
225212 (base 6) to base 9
28428
What is -3471 (base 14) in base 6?
-110111
Convert -268 (base 11) to base 12.
-224
What is 255324 (base 6) in base 8?
55304
-9bb9 (base 13) to base 10
-21784
What is 465 (base 16) in base 15?
500
What is -225421 (base 8) in base 9?
-126017
346240 (base 7) to base 16
f301
What is 21003 (base 5) in base 12?
96a
What is -140000 (base 5) in base 14?
-209b
528 (base 9) to base 10
431
What is -152042 (base 6) in base 12?
-8622
-7177 (base 12) to base 4
-3000223
Convert 2c5 (base 13) to base 11.
414
What is -1000011101 (base 2) in base 4?
-20131
-11100110101000 (base 2) to base 13
-6945
-7c7 (base 16) to base 3
-2201202
What is -141520 (base 6) in base 12?
-78a0
Convert -13 (base 16) to base 5.
-34
What is 1777 (base 10) in base 4?
123301
What is -4653 (base 8) in base 15?
-b00
What is bbc7 (base 15) in base 16?
9b6b
316 (base 12) to base 3
121200
517a (base 12) to base 6
105034
-8277 (base 9) to base 4
-1132300
What is 6285 (base 11) in base 14?
3065
What is 1223 (base 8) in base 5?
10114
-874 (base 11) to base 5
-13144
What is 1c4b (base 13) in base 16?
10c0
What is -1100111011001 (base 2) in base 15?
-1e62
-11122 (base 5) to base 10
-787
What is -521351 (base 6) in base 9?
-63334
20133 (base 5) to base 10
1293
120102 (base 3) to base 4
12200
What is -11222001 (base 4) in base 3?
-1011210010
57a0 (base 13) to base 3
121212111
What is 560 (base 7) in base 12?
1bb
What is 211000210 (base 3) in base 2?
11111010111011
What is 14456 (base 8) in base 11?
4930
5b6 (base 12) to base 13
510
Convert -232155 (base 7) to base 16.
-a278
Convert -3023 (base 4) to base 9.
-245
Convert -2304 (base 5) to base 11.
-27a
c044 (base 14) to base 10
32988
What is 122001 (base 3) in base 15?
20a
23a (base 12) to base 8
516
Convert 1604 (base 7) to base 6.
2545
4455 (base 8) to base 11
1846
10200 (base 4) to base 15
143
What is -111011100001001 (base 2) in base 15?
-9068
Convert 531 (base 10) to base 11.
443
What is 1911 (base 10) in base 5?
30121
What is 5523 (base 6) in base 9?
1666
19 (base 14) to base 16
17
Convert -10012 (base 4) to base 5.
-2022
What is 808 (base 9) in base 15?
2db
212210000 (base 3) to base 12
a046
-3309 (base 15) to base 13
-4bc6
What is 8cd (base 15) in base 8?
3711
Convert -185 (base 13) to base 2.
-100010110
Convert -117d1 (base 14) to base 16.
-a6db
What is -107 (base 8) in base 4?
-1013
Convert -682a (base 16) to base 15.
-7d7b
What is 26776 (base 10) in base 13?
c259
-57 (base 8) to base 7
-65
What is -1862 (base 11) in base 8?
-4477
-2570 (base 10) to base 16
-a0a
What is -1cad (base 15) in base 12?
-373a
Convert 2336 (base 12) to base 5.
111210
Convert 301022 (base 5) to base 6.
112012
What is -34a (base 12) in base 7?
-1300
What is 4025 (base 10) in base 9?
5462
-214 (base 11) to base 8
-401
Convert 2657 (base 12) to base 16.
1123
-3221 (base 8) to base 15
-771
19a94 (base 13) to base 11
34747
Convert 20002012 (base 3) to base 14.
1889
32012 (base 5) to base 2
100001010100
What is -1012200011 (base 3) in base 13?
-aac2
What is 235 (base 9) in base 14?
dc
1372 (base 8) to base 4
23322
What is 13120 (base 5) in base 12?
723
What is -114 (base 11) in base 10?
-136
-c6b (base 15) to base 8
-5361
What is 5412 (base 8) in base 3?
10212200
What is -101100011 (base 2) in base 4?
-11203
What is 2112120 (base 3) in base 9?
2476
2153 (base 11) to base 3
10220020
Convert 1a32 (base 14) to base 10.
4748
Convert 656a (base 12) to base 15.
349a
What is 331013 (base 5) in base 6?
124411
-18 (base 12) to base 9
-22
-111016 (base 7) to base 11
-13776
Convert 28861 (base 10) to base 12.
14851
Convert -8661 (base 10) to base 5.
-234121
What is -12232302 (base 4) in base 13?
-c71a
Convert 111001011 (base 2) to base 10.
459
Convert 235 (base 6) to base 13.
74
Convert -1454 (base 7) to base 8.
-1102
What is -a6a7 (base 13) in base 15?
-6cb6
Convert 221100 (base 4) to base 13.
1281
What is -4349 (base 12) in base 10?
-7401
What is 87a (base 11) in base 2?
10000011111
What is -3124 (base 5) in base 2?
-110011110
10100100111010111 (base 2) to base 6
1450531
What is 40213 (base 7) in base 9?
14281
What is 1021002 (base 4) in base 16?
1242
What is -10101011001 (base 2) in base 14?
-6db
What is -1344b (base 12) in base 11?
-18a51
-10bc5 (base 13) to base 9
-45848
Convert 2010020210 (base 3) to base 9.
63223
Convert -14503 (base 8) to base 3.
-22212112
Convert 20010211 (base 4) to base 14.
c097
314 (base 15) to base 5
10234
Convert -11010021 (base 3) to base 7.
-11521
250 (base 13) to base 8
623
Convert -167 (base 8) to base 13.
-92
What is 1405 (base 6) in base 15?
195
What is -136 (base 14) in base 15?
-114
7255 (base 11) to base 4
2112103
What is -2271 (base 10) in base 2?
-100011011111
Convert -156 (base 15) to base 2.
-100110010
Convert 176 (base 12) to base 10.
234
Convert -19e (base 16) to base 9.
-510
Convert -1355 (base 15) to base 13.
-1b59
-100001011011101 (base 2) to base 5
-1021432
Convert -645 (base 13) to base 7.
-3060
15532 (base 13) to base 15
bea7
What is -70381 (base 9) in base 11?
-3181a
What is -11001101110000 (base 2) in base 4?
-3031300
Convert 2053 (base 9) to base 5.
22011
1021332 (base 4) to base 2
1001001111110
Convert -3a4 (base 14) to base 7.
-2064
What is 2886 (base 13) in base 7?
23034
Convert 12210 (base 7) to base 16.
c78
What is 2121010 (base 3) in base 9?
2533
-38774 (base 10) to base 6
-455302
Convert -1da7 (base 15) to base 13.
-2c29
Convert -360435 (base 7) to base 8.
-177031
Convert 20200301 (base 4) to base 9.
52738
1110011110000 (base 2) to base 9
11141
What is 386 (base 10) in base 9?
468
206 (base 7) to base 9
125
What is 938 (base 10) in base 8?
1652
-2664 (base 7) to base 3
-1102000
Convert -100001001 (base 2) to base 9.
-324
What is -111010000 (base 2) in base 11?
-392
What is -200041 (base 5) in base 7?
-24166
3482 (base 12) to base 10
5858
What is 222 (base 7) in base 6?
310
-1330 (base 8) to base 6
-3212
Convert 32003 (base 4) to base 3.
1020022
What is 101001 (base 3) in base 11?
227
447 (base 11) to base 2
1000010111
Convert 44310 (base 5) to base 6.
22132
37700 (base 9) to base 15
77a3
Convert -1227 (base 11) to base 13.
-963
1100100010001101 (base 2) to base 12
25865
Convert 1221332 (base 4) to base 5.
204112
What is -13000 (base 4) in base 10?
-448
Convert 100110111010 (base 2) to base 6.
15310
916 (base 11) to base 10
1106
Convert 58 (base 16) to base 11.
80
Convert 25040 (base 6) to base 3.
12001220
21112120 (base 3) to base 2
1010101111000
Convert 16233 (base 8) to base 9.
11036
Convert -421252 (base 6) to base 5.
-2042031
W